t u(b) = b**3 - 18*b**2 - 39*b - 17. Suppose -7*h + 24 = p - 8*h, 0 = -p - 4*h + 4. What is u(p)?
3
Let m(k) = 58*k + 3 + 56*k - 218*k + 58*k + 50*k. What is m(6)?
27
Let q(r) = r**2 - 3*r + 2. Suppose 7*i + 1067 + 1460 = 0. Let c = i + 366. Give q(c).
12
Suppose -290*k - 39 = -293*k. Suppose 3*r - 11*m + k*m = 3, -7 = 4*r - m. Let i(v) = -2*v**2 + v + 1. Determine i(r).
-2
Let d(u) be the third derivative of u**6/120 - 11*u**5/30 - 5*u**3/6 + 5*u**2 + 20. Let q be d(22). Let p(n) = -3*n - 10. Give p(q).
5
Let f(m) = 2*m**3 + 26*m**2 - 36 + 2970*m + 2939*m - 5911*m. Give f(-13).
-10
Let d(u) be the second derivative of u**5/10 - 5*u**4/12 + u**3 - 3*u**2 - 929*u. Determine d(3).
21
Let f(k) = -2*k**3 + 16*k**2 + 4*k - 31. Let j(c) = -c**3 + 65*c**2 + 70*c - 256. Let s be j(66). What is f(s)?
1
Let l(r) be the second derivative of 2*r**3/3 + 15*r**2/2 - 2*r + 589. Give l(16).
79
Let m(b) = 4*b**2 - 2*b + 3*b**3 - 7*b**3 + 3 - 4*b**2 - 7*b**2. Let a(z) = z**3 + z + 1. Let i(j) = -5*a(j) - m(j). Let s = 18 + -12. Give i(s).
10
Let y = -9 - -5. Let s(z) = 11*z + 583. Let x(v) = 5*v + 269. Let p(u) = -6*s(u) + 13*x(u). What is p(y)?
3
Let a(y) = 5*y**2 - 152*y + 28. Let m(g) = 4*g**2 - 106*g + 18. Let f(t) = 5*a(t) - 7*m(t). What is f(-6)?
14
Suppose 5*t + 4*u = -1 + 31, -3*t + 4*u - 14 = 0. Let m(z) = -18*z - 10. Give m(t).
-46
Let c(i) = i + 10*i**2 + i - 5850*i**3 - 13 + 2925*i**3 + 2924*i**3. Give c(10).
7
Let t = -36 - -39. Let x(j) = 1 + t - 2*j + 5 - 2. Determine x(5).
-3
Suppose -3*j - 22 + 34 = 0. Let p(u) = -3*u - u**2 + j*u + 0*u + 9 + 9*u. Determine p(12).
-15
Let g(j) = j**3 + 9*j**2 - 34*j + 23. Let b(d) = 5*d**3 + 660*d**2 - d - 144. Let u be b(-132). What is g(u)?
-1
Let v(b) be the second derivative of b**3/6 + 9*b**2/2 + 89*b. Suppose 5*d - 16 = 24. Let i(f) = f**3 - 8*f**2 - 2*f + 10. Let s be i(d). Give v(s).
3
Let d(t) be the second derivative of -1/6*t**3 + 165*t + 1/2*t**2 + 0. Give d(-3).
4
Suppose -5*c + 5 = 2*u, 328*c = -4*u + 327*c + 55. Let t(i) = i**2 - 14*i + 6. What is t(u)?
21
Let k(j) = j**2 + 6*j + 1. Let a = 138 + -138. Let b(c) = -c**2 - 2*c + 5. Let u be b(a). Suppose -4*p - 39 = -5*g, 5 - 47 = u*p - 4*g. Give k(p).
1
Let c(h) be the first derivative of 1/3*h**3 - 1/2*h**2 + 3*h + 65. Give c(-3).
15
Let u be 2/(-6) + (-56)/(-6). Let f(b) = b**3 - 33*b**2 - 4*b + 9. Let g(q) = 2*q**3 - 70*q**2 - 9*q + 19. Let m(n) = -13*f(n) + 6*g(n). Give m(u).
-21
Let o(f) = -f**2 - 1893 - 23*f + 901 + 938. Give o(-19).
22
Let x(f) = f**3 - 2*f**2 - 5*f - 4. Let q(g) = -348*g - 1735. Let n be q(-5). Give x(n).
46
Let i(o) = -3*o**3 - 5*o**2 - 14*o + 5. Let x(b) = -5*b**3 - 10*b**2 - 28*b + 11. Let j(f) = 7*i(f) - 4*x(f). What is j(5)?
61
Let u(l) be the first derivative of -l**4/4 + 7*l**3/3 - 15*l**2/2 + 8*l + 4015. Give u(6).
-46
Suppose -69*c - 32 = -53*c. Let z be 6/(1 + -7) - 10/c. Let y(j) = j**2 - 4*j + 2. Determine y(z).
2
Let j be ((-8)/16)/(2/(-4)). Let r be 5*j*(-8)/(-20). Suppose -o + 6 = 5*b, r*o - 2*b + 6 + 6 = 0. Let m(v) = 2*v + 3. Give m(o).
-5
Let d(y) = 2*y**2 + y - 1. Let u be 5/(5/1) + 7. Suppose u*v - 19 + 11 = 0. Let g be v/(-8) - 63/(-56). Determine d(g).
2
Let u(o) = -o**3 + 6*o**2 - 4*o - 4. Suppose 0 = -3*t + 3*b - 54, 32*t - 84 = 37*t - 2*b. Let r = -42 + 30. Let l = r - t. Calculate u(l).
12
Let y be (-60)/(-15) + -1*4. Suppose 2*k - s - 5 = 0, 0 = -y*s + 4*s + 4. Let v(u) = -u - 5 + k - 3. Determine v(-10).
4
Let i be 0 + -1 - (-11)/((-110)/(-970)). Suppose -103*y + 119*y - i = 0. Let v(h) = h**2 - 8*h + 2. Give v(y).
-10
Let v(l) = l**3 - 6*l**2 + l + 3. Let x be v(7). Let a = x + -56. Let n(s) = -s**2 + 10 - 3*s**3 - 8 + 6*s**3 - 6*s**a. Give n(-2).
22
Let f(z) = -28 + 142719424*z - 2*z**2 - 142719437*z + 3*z**2 + z**3. Calculate f(-3).
-7
Let r = 709 - 411. Suppose r*z = 305*z. Let k(f) = -f**2 - f + 4. Calculate k(z).
4
Let q(p) = -8*p - 63. Let y be (-14)/126*9 + -7. Calculate q(y).
1
Let h(w) = 57*w - 230. Let t(i) = -29*i + 131. Let g(j) = -4*h(j) - 7*t(j). Calculate g(1).
-22
Let z be 14100/(-40)*10/15. Let a = 228 + z. Let p(n) be the third derivative of -n**5/60 - n**4/4 + n**3 - n**2. Give p(a).
-1
Let u = 7 + -3. Suppose -3*l + 6 = 0, 1 = u*n + 2*l - 3. Let o(z) = 4*z - 49. Let x(g) = -5*g + 65. Let h(t) = -4*o(t) - 3*x(t). Calculate h(n).
1
Let k(t) = -3*t - 8*t - 35 - 9. What is k(-5)?
11
Let z(v) = -15*v + v**3 + 6*v + 0 + 2 - 6*v**2. Suppose -555*l + 1111 + 2774 = 0. Give z(l).
-12
Let f be 11/(-2)*2*1. Let t(n) = 1 + 4 - 2191*n + 2192*n. Calculate t(f).
-6
Let c(f) = f**2 + 29*f + 158. Let q = -4799 + 4778. Determine c(q).
-10
Let v(f) = 6*f - 22. Let m(k) = -3*k + 10. Suppose 18*r + 6 - 78 = 0. Let i(l) = r*v(l) + 9*m(l). Calculate i(6).
-16
Let i(h) = h**2 - 23*h - 294. Let c = -2524 - -2556. Give i(c).
-6
Let u(h) = -h**3 - h**2 - 10. Let r be u(0). Let a(b) be the first derivative of 10*b + 100 + 1/2*b**2. Calculate a(r).
0
Let f(v) = -v**2 - 5*v - 9. Suppose -101*w = -84*w + 51. What is f(w)?
-3
Let b(z) be the third derivative of -29*z + 2*z**2 - 3/2*z**3 + 1/4*z**4 - 1/60*z**5 + 0. Calculate b(3).
0
Let u(c) be the third derivative of 0 + 0*c + 14*c**2 - 1/10*c**5 + 5/6*c**3 - 1/4*c**4 - 1/120*c**6. Suppose -5*h = i - 9 - 6, 4*h = 2*i + 26. What is u(i)?
10
Let h(o) = 16*o. Let n be (0 - 5) + (-19)/(-11) + 138/506. Give h(n).
-48
Let d(u) = -2*u**2 + 2*u - 4. Suppose 3*h - 406*x + 26 = -401*x, 0 = -h + 4*x - 25. What is d(h)?
-16
Suppose 30 = -5*o - 5599*m + 5594*m, -29 = -o + 4*m. Let d(a) be the third derivative of -a**6/8 + a**5/60 - a**4/12 + a**3/6 - a**2. Give d(o).
-15
Let a(f) = f**3 - 3*f**2 - 2*f + 1. Suppose 3*l - 4*i = 6*l - 48, l + i - 15 = 0. Let n(s) = -s - 10. Let t be n(0). Let g be (l/t)/(4/(-10)). Give a(g).
-5
Let b(f) = -7*f + 6 + 22 - 2 - 15. Let t(s) = 4*s - 5. Let k(o) = -3*b(o) - 5*t(o). Let x(d) = d**2 - d + 3. Let j be x(3). Calculate k(j).
1
Let p(r) = -r. Let i(o) = -2*o + 6. Let f(a) = -i(a) + p(a). Suppose -8*l - 21 = -501. Let j = l + -54. What is f(j)?
0
Let h be 6/(8/(-12) + 0). Let t(i) be the first derivative of i**2/2 - 13*i - 393. Give t(h).
-22
Let z(q) = -q**2 - 30*q - 20. Let k be z(-28). Let b = k - 25. Let v(w) = w - 12. What is v(b)?
-1
Let c(v) = v**2 + 7*v - 9. Let o = -2 - -8. Suppose o*i - i + 40 = 0. Calculate c(i).
-1
Let t(g) = 7*g + 17. Suppose 7*x + 4 = 2*d + 2*x, -2*d = 2*x + 10. Determine t(d).
-4
Let d(c) = 487*c - 2432. Let m be d(5). Let g(f) be the third derivative of 1/120*f**6 + 1/4*f**4 + 1/12*f**5 + 23*f**2 + 1/2*f**m + 0 + 0*f. Give g(-4).
-5
Let d(h) be the third derivative of -h**4/8 + 13*h**3/6 - 2*h**2 - 662. Let a(q) = q**2 + 7*q + 6. Let v be a(-7). Give d(v).
-5
Let a(g) = -19*g**2 - 187*g + 32. Let v be a(-10). Let y(b) = 4*b**2 - 18*b + 27. Calculate y(v).
7
Let t(r) = -23*r + 211. Let q be t(15). Let n = q + 128. Let o(j) = -j**3 - 7*j**2 - 8*j - 2. Give o(n).
10
Let t(s) = 2*s**2 + 28*s - 28. Let c be 0/(-22 + 0) - 15. Give t(c).
2
Let g(w) = -w**2 - 10*w + 3. Let l(o) = -o**2 - 11*o + 2. Let s be l(-12). Let z be g(s). Let q(i) = -i**z - 37*i + 37*i - 4 + 0 - i**2. Calculate q(0).
-4
Let y(g) = -9*g + 35. Let b(p) = -17*p + 65. Let l(j) = -6*b(j) + 11*y(j). Calculate l(-3).
-14
Let i(s) = -3*s**2 + 5*s - 2. Let p = 1 + 16. Let d = 17 - p. Suppose d = 4*b + 5*g - 7, 4*b + 3*g = -6 + 15. What is i(b)?
-14
Let r(l) = 3*l**3 - l**2 + l + 1. Let c be (1/(-2))/(2/(-4) - 0). Let o be (c + (-4 - 1))/(-1). Let k(b) = b**2 - 3*b - 5. Let s be k(o). Give r(s).
-4
Let a(b) be the second derivative of 5*b**3/6 + 53*b**2/2 + 12*b - 255. Determine a(-6).
23
Let i(k) be the second derivative of k**6/360 - 7*k**5/120 - k**4/24 + k**3/2 - 11*k**2 - k + 12. Let v(q) be the second derivative of i(q). What is v(7)?
-1
Let i(u) = 2 - u**3 - 171*u + 9*u**2 + 244*u - 58*u. Calculate i(11).
-75
Let o be (10/(-4))/(-16 - 1885/(-116)). Let x(d) = -d**3 - 7*d**2 + 33*d + 21. Calculate x(o).
-9
Let c(t) = t**2 - 44*t - 834. Let i be c(-14). Let j(y) = -y**3 - 22*y**2 + 2*y + 41. Calculate j(i).
-3
Let l(f) be the third derivative of -f**5/60 - f**4/8 + 5*f**3/6 + 4079*f**2. What is l(-3)?
5
Let s(i) = -14*i + 26*i + 3*i**2 + 2 + 10*i + 6*i. Determine s(-9).
-7
Let l be (1/7)/(408/9282)*-4. Let b(t) = -t**3 - 12*t**2 + 19*t 